n (-2)/1 - (-255)/15 is divided by 6?
3
Suppose 9*q + 110 = 20. Calculate the remainder when (-4)/q - 187/55 - -83 is divided by 9.
8
Calculate the remainder when 79 is divided by (3/(-9))/(-1*(-4)/(-300)).
4
Suppose 3*f + 1 + 5 = 0. Let v be -3 + 3 + 1 + f. Let k(g) = -g**3 - g - 1. What is the remainder when 3 is divided by k(v)?
0
Suppose 13*n = 167 + 67. What is the remainder when n is divided by 6?
0
Let d(z) = 5*z - 10. Suppose 6*j - 3*j - 25 = -2*h, -3*h = -3*j + 15. Let i(r) = r**2 - 6*r + 6. Calculate the remainder when d(j) is divided by i(7).
12
What is the remainder when 430 is divided by (-23 - -2)/((-28)/84)?
52
Suppose 981 = 26*p + 227. Calculate the remainder when 608 is divided by p.
28
Suppose -3*n + 255 = 4*a, -4*a + 4*n + 117 + 159 = 0. Calculate the remainder when a is divided by (-36)/(-4 - (-6)/3).
12
Let j(l) = 3*l**2 - 2*l + 1. Suppose 0 = -5*s - 3*f - 7 + 35, 4*s = -3*f + 23. Calculate the remainder when j(s) is divided by ((-18)/(-24))/(1 - -2)*92.
20
Let x be (-1)/(-4) + 150/8. Suppose 4*v - 32 = 28. Calculate the remainder when (x + -1)*(-21)/(-9) is divided by v.
12
Let o(a) = 4*a**3 - a**2 + 2*a - 19. What is the remainder when 686 is divided by o(3)?
84
Suppose -f - r + 0 = 1, r = 4*f + 14. What is the remainder when (-6)/9 - 35/f is divided by 3?
2
Let z = -97 + 139. What is the remainder when z is divided by (-108)/(-5) - (-8)/20?
20
Let p = 83 - 50. Let n = 45 - p. Calculate the remainder when 95 is divided by n.
11
Suppose -5*x - 2*w = -1084, -3*w = 3*x - 7*w - 640. Calculate the remainder when x is divided by 23.
9
Suppose -68*k + 75*k - 112 = 0. What is the remainder when 141 is divided by k?
13
Let k(g) = 3*g**2 + g - 6. Calculate the remainder when 35 is divided by k(-3).
17
Suppose 6*p = 12*p - 48. Calculate the remainder when p is divided by 1/(-3) + (-35)/(-15).
0
Suppose 0 = 541*p - 537*p - 356. Calculate the remainder when 279 is divided by p.
12
Let o be (-75)/4 + 3/(-12). Let g = o - -45. What is the remainder when 50 is divided by g?
24
Let l(h) = 25*h - 803. Calculate the remainder when l(33) is divided by 8.
6
Suppose 4599 - 4909 = -31*l. Let u = 547 + -378. What is the remainder when u is divided by l?
9
Let l(x) be the first derivative of 7*x**2/2 - x + 12. What is the remainder when 57 is divided by l(3)?
17
Let s(l) = 35*l**2 + l - 4. Let t be s(4). Suppose 0 = 9*j - 17*j + t. What is the remainder when j is divided by 36?
34
Calculate the remainder when 416 is divided by 2816/308 + (-12)/(-14).
6
Let w(g) = -g**2 - 8*g + 1. Calculate the remainder when 54 is divided by w(-3).
6
Let l(k) = 62*k**2 - 2*k + 1. Let v be -2*(21/(-6) - -3). Let a be l(v). What is the remainder when a - (1 + -1)/(-3) is divided by 21?
19
What is the remainder when 20156/92 + 3 + (-52)/598 is divided by 11?
2
What is the remainder when 24 is divided by 21*(0 - 10/(-15))?
10
Suppose 268 = 37*z - 472. What is the remainder when z is divided by 16?
4
Let p(b) = -b**3 - 2*b**2 + b + 16. Let a = -3 + 12. Calculate the remainder when p(0) is divided by a.
7
Let b(a) = 40*a - 1. Let x(t) be the third derivative of -t**4/24 - 2*t**3/3 - 2*t**2. Let l be x(-5). Calculate the remainder when b(l) is divided by 14.
11
Suppose z - 4*v = 37 + 6, 0 = 3*z + 3*v - 84. What is the remainder when 92 is divided by z?
30
Let t = 3 + 0. Suppose -t*d + 17 = 2*k, -k = k - 8. Suppose -a = -d - 5. What is the remainder when 14 is divided by a?
6
Let w be ((-2)/6 - 10/(-3)) + 0. Suppose w*f - f = 28. What is the remainder when 67 is divided by f?
11
Suppose o + o - 2*x = 0, -2*x - 6 = -5*o. Let k(h) = 27*h - 1. Let b be k(-1). What is the remainder when ((-2)/2)/(4/b) is divided by o?
1
Suppose -4*f + 1008 = 17*f. Calculate the remainder when 139 is divided by f.
43
Let p(b) = 3*b + 7. Let z = -17 + 22. Suppose -4*w = 2*o - 26, z*w = -4*o + 50 - 10. What is the remainder when 83 is divided by p(o)?
17
Let x = 23 + -8. Calculate the remainder when x is divided by (-1)/(147/(-18) - -8).
3
Suppose -2*p = -6, 235 = -2*d + 6*d + p. Calculate the remainder when 285 is divided by d.
53
Let q be 3 + ((-5)/15)/((-1)/(-3)). Suppose f + q*r = 204, -4*f = 4*r - 729 - 107. What is the remainder when f is divided by 43?
42
Suppose -970 - 74 = -29*m. Let n(h) = 12*h**2 - h + 2. What is the remainder when m is divided by n(1)?
10
Let p be 82/6 + 2 + 24/(-9). Suppose 0 = 19*f - p*f - 558. Calculate the remainder when f is divided by 32.
29
Let o = -37 - -44. Suppose 3*y + 0 - 27 = 0. Suppose p = -2*n + 2*p + y, n - 3*p = 2. Calculate the remainder when o is divided by n.
2
Let y(n) = 2*n**3 + 3*n**2 - 3*n + 2. Let s be y(3). Suppose -s = 6*k - 680. What is the remainder when k is divided by 34?
33
Let a = -254 + 256. Let f = 8 + -16. Calculate the remainder when a is divided by ((-2)/4)/(f/32).
0
Let p(x) = x**3 + 19*x**2 - 16*x - 295. Calculate the remainder when (15 + -14)*(-1 - -32) is divided by p(-19).
4
Let z be (-6)/(-12)*(85 + -1). Let m = z + -15. Let r = -20 + m. What is the remainder when r is divided by 2?
1
Let a be -2*1*(-36)/(-8). Let t = -7 - a. Suppose 13*s + 6 = 32. Calculate the remainder when s is divided by t.
0
Suppose -4*l + 44 = 4*m, 3*l - m = -6*m + 29. What is the remainder when 48 is divided by l?
9
Calculate the remainder when (-3 - (-13)/5) + (-4023)/(-45) is divided by 10.
9
Suppose -145 = -5*y - 0*y. What is the remainder when y is divided by (270/(-36))/((-6)/8)?
9
Let h(m) = 2*m**2 + m - 1. Let l = 66 - 45. Let c = -4 + l. What is the remainder when c is divided by h(2)?
8
Suppose -2*l = -5*a + 3*a + 24, 0 = -3*a + 4*l + 36. Let f = 0 + 4. Calculate the remainder when a is divided by f.
0
Suppose -2*k + 287 = 5*g, 89*g + 315 = 94*g - 5*k. Let m = 12 + 18. Calculate the remainder when g is divided by m.
29
Let m(n) = 2*n**2 - 5*n - 4. Suppose 3*b + w + 62 = 0, -3*b = -4*w + 36 + 31. Let p = 17 + b. What is the remainder when m(p) is divided by 18?
12
Suppose -288 = -2*n + b, 5*b - b = 3*n - 437. Calculate the remainder when n is divided by 78.
65
Suppose 4*o - 7 = 5. Let c be 115/o + (-4)/12. Calculate the remainder when (c/8)/((-20)/(-160)) is divided by 13.
12
Suppose 2*w = 3*a + 1690, -6*w + 3*a = -8*w + 1690. Calculate the remainder when w is divided by 94.
93
Suppose -5*t = 3*r - 64, 3*r - 6 = 3*t - 30. Let y(a) = a**3 - 8*a**2 - 7*a - 10. Let w be y(9). Let b = t - w. Calculate the remainder when 4 is divided by b.
1
Suppose -4*u + 7*u + 19 = 5*d, -d - 1 = -3*u. Let g(l) = l - 4. Let x be g(0). What is the remainder when 2/x - (-9)/2 is divided by u?
0
Suppose 0 = -2*p + 5*q + 35, 4*p - 2*q = -q + 25. What is the remainder when 141 is divided by p?
1
Let l = 70 + -70. Suppose 0 = a + 2 - l, 112 = 5*i - a. Let x(o) = -3*o**3 - 4*o**2 + o - 1. What is the remainder when x(-3) is divided by i?
19
Let n(a) = 4*a - 6. Let i(j) = -j**3 - 3*j**2 + 4*j + 6. Let b be i(-4). What is the remainder when 67 is divided by n(b)?
13
Let v(i) = i**3 + 9*i**2 - i - 8. Let f be v(-7). Let d = -58 + f. Suppose -n + d = 2*n. What is the remainder when n is divided by 5?
3
Let b = -2 + 20. Let j(h) = 19*h + 238. What is the remainder when j(-9) is divided by b?
13
Suppose -5*j = -2*r - 4*j + 20, -4*r + 40 = j. What is the remainder when r is divided by 7?
3
Let u(f) = -f**2 - 8*f - 5. Let b be u(-7). Suppose b = -i + 7. Suppose -27 = 4*x - 7*x + i*d, x - 2*d = 9. Calculate the remainder when x is divided by 4.
1
Suppose -4*q = -5*y - 328, 2*q = -y - 4*y + 134. Let t = -54 - -76. Calculate the remainder when q is divided by t.
11
Let g = -21 + 30. Suppose 9 = 5*q - 1. Suppose 0*j + 86 = q*j. What is the remainder when j is divided by g?
7
Let f = 37 + -36. Let x(y) = 30*y + 2. What is the remainder when x(f) is divided by 7?
4
Suppose -4*v - 35 = -9*v. Suppose 0*u = -v*u + 49. Calculate the remainder when 13 is divided by u.
6
Suppose 0 = 5*f - 17 - 3. Suppose -k + f*k = 207. Let m = 21 - 3. What is the remainder when k is divided by m?
15
Suppose 44*v + 294 = 65*v. What is the remainder when 963 is divided by v?
11
Suppose 5*f - 24 - 131 = 0. Calculate the remainder when 368 is divided by f.
27
Calculate the remainder when 133/(-19) - -27*2 is divided by 31.
16
Let z = 720 + -589. What is the remainder when z is divided by 23?
16
Suppos